e tens digit of 6*1/(-2)*(-1017)/27?
1
Let k = -23 - -25. Suppose -w + k*w + 3*x = 65, 174 = 2*w - 5*x. What is the tens digit of w?
7
Let w(q) = -7*q**2 + q + 15*q**3 - 3 - 14*q**3 - 4*q**2. What is the units digit of w(11)?
8
Let l(z) = 234*z**2 + 5*z + 6. What is the thousands digit of l(4)?
3
Let i(a) = -a**2 - 5*a - 3. Let u be i(-2). What is the hundreds digit of 417/(u + 0) + -1*1?
1
Suppose 0 = -140*z + 139*z + 602. What is the hundreds digit of z?
6
Suppose -2*l - 1083 = -a, 5*l - 15 = 2*l. What is the hundreds digit of a?
0
Let u be ((-2)/5)/(23/115). What is the hundreds digit of 129*-2*u/4*2?
2
Suppose -31*h + 758 = -29*h. Suppose -h = -2*w + 29. What is the tens digit of w?
0
Suppose 6*o - z = 3*o - 36, -5*o - 68 = z. Let x(d) = -d - 11. Let r be x(o). Suppose 4*s = 4*g, 0 = 5*s + g - 5*g - r. What is the units digit of s?
2
Let c(x) be the first derivative of -x**4/4 + 5*x**3/3 + 3*x**2 - 2*x + 2. Let u be c(6). What is the units digit of (-4 - -29) + 1*u?
3
Suppose 8 = 4*d - 0. Suppose -d*j + 3 = -57. Suppose -3*v + 10 = -0*f + f, -v + j = 2*f. What is the tens digit of f?
1
Suppose 4*t = 2*t + 22. Suppose 17*x = t*x + 126. What is the units digit of x?
1
Let c(v) = 54*v**2 + 7*v + 53. What is the hundreds digit of c(-5)?
3
Suppose 2*b = 3*j - 8723, -1 = 5*b - 11. What is the units digit of j?
9
Let j(a) be the third derivative of -a**5/60 - a**3/6 - 5*a**2. Let m be j(5). Let o = 21 - m. What is the units digit of o?
7
Let h(r) = r**3 + 10*r**2 - 10*r + 10. Let c be h(-11). Let w be c/(-3)*(1 - -32). What is the tens digit of (-6 + w)/((-2)/(-6))?
1
Suppose 5*a - 3 - 7 = 0, a = 4*g + 38. Let u(w) be the second derivative of w**4/12 + 4*w**3/3 + 5*w**2 + 4*w. What is the units digit of u(g)?
9
Suppose 4*i = 3*l - 1077 - 157, l + 2*i - 398 = 0. What is the units digit of l?
6
Let u(n) = -5*n - 2. Let c be u(-2). Suppose -c*l = -11*l + 48. What is the tens digit of l?
1
Let w(p) = p**3 - 11*p**2 + 17*p + 6. What is the units digit of w(14)?
2
Suppose 2*h = 22 + 194. Suppose 3*y = 2*y - d - 103, 4*d - h = y. Let m = -56 - y. What is the tens digit of m?
4
Suppose -4*f = 451 + 297. Let l = f + 270. What is the tens digit of l?
8
Let u = 15 + 230. What is the tens digit of u/20 + (-9)/(-12)?
1
Suppose 0*s = -3*s - 3*p + 9111, -4*s = 3*p - 12144. What is the units digit of s?
3
Let x(u) = -3*u + 2. Let a(h) = -h**3 + 7*h**2 - 8*h - 6. Let v be a(6). Let i = v - -18. What is the units digit of x(i)?
2
Let w = 25 - 18. Let g(h) = 2*h - 9. Let x be g(w). Let o(c) = 9*c + 1. What is the tens digit of o(x)?
4
Let u(o) = 16*o + 5*o - 2 - o + 23. What is the hundreds digit of u(4)?
1
Let v(h) = -120*h - 14. What is the hundreds digit of v(-1)?
1
Let i(j) = 3*j + 33. Let y be i(-9). Suppose -3*o - 12 + 3 = 0. What is the units digit of 1*-38*o/y?
9
Let l(d) = d**3 + 5*d**2 + 3*d + 4. Suppose y + 9 = -2*y. What is the units digit of l(y)?
3
Let t(o) = -257*o + 30. What is the units digit of t(-8)?
6
Let m(r) = r**3 - 7*r**2 - 4*r + 6. Let y be m(7). Let o = 83 + y. What is the units digit of o?
1
Let h = -5134 - -7294. What is the hundreds digit of h?
1
Let m(q) = -37*q**3 - q. Let n be m(-1). Let x = -2 + n. Let j = x + -21. What is the tens digit of j?
1
Let k(u) = -15*u - 74. Let b be k(-6). Suppose -26*z = -b*z - 2640. What is the units digit of z?
4
What is the tens digit of (-2)/(-5) - (3 - (-20065)/(-25))?
0
Let d(g) = g**2 - g - 3. Suppose 0 = -f - 5*f. Let w be d(f). What is the tens digit of (w/(-1) - 6) + 54?
5
Let i = 55 + -55. Suppose -16*l + 670 + 1794 = i. What is the units digit of l?
4
Let s(r) = r**2 + r - 1. Let z(n) = 5*n**2 - 6*n + 14. Let y(x) = -3*s(x) + z(x). What is the tens digit of y(8)?
7
Suppose -2*v + 5*o + 89 = v, 0 = -2*o + 4. Let j = -5 + -6. Let f = v + j. What is the units digit of f?
2
Suppose 248*r - 49686 = 235*r. What is the tens digit of r?
2
Suppose 2*p + 1345 = 6*p - 5*s, -2*p - 4*s + 692 = 0. What is the units digit of p?
0
Let h(l) = 2*l + 26. Let t be h(-11). Suppose t*w = -3*z + 6*w + 205, -3*w = -3*z + 201. What is the tens digit of z?
7
Let p(z) = 2*z + 70*z**2 - 3*z - 5*z + 2*z. What is the tens digit of p(2)?
7
Suppose 5*b - 53 - 2 = 0. Let n = b + -17. What is the tens digit of (20/n)/(14/(-147))?
3
Suppose -m + 9 = -12. Suppose -m + 78 = y. What is the units digit of y?
7
Suppose -o - 2*n + 8 = -0*o, 5*n = 3*o - 2. What is the tens digit of (-14 - -76) + (1 - o)?
5
Suppose -60*z + 48*z = -11556. What is the hundreds digit of z?
9
Let u(f) = -f**2 + 87*f - 155. What is the hundreds digit of u(52)?
6
Let u(p) = p**2 - 8*p - 3. Let v be u(8). Let o be (14 + -6)/(-1 - v). What is the units digit of o/10*(-1495)/(-26)?
3
Suppose -p + 2*p = -j, -5*j + 3*p = 0. Suppose -3*v - 2*f - 22 = j, 27 = -3*v - 3*f - 0*f. What is the tens digit of v/(-20) + 134/5?
2
Suppose 15*g + 9025 = 66655. What is the thousands digit of g?
3
What is the hundreds digit of -1 + 528 + (-14)/(-42)*-18?
5
Let p(c) = c**3 - 8*c**2 + 7*c - 6. Let v = 21 + -17. Suppose 0*o - 4*o + s = -31, v*o - 29 = 3*s. What is the units digit of p(o)?
0
Let t(s) = 115*s**3 + 2*s**2 - 40*s + 83. What is the units digit of t(2)?
1
Let s(c) = c**2 + 6*c + 7. Let b be s(-5). Suppose -4*z + 38 = -5*o, -b*z + 5*o = -0*o - 24. Let a = 6 + z. What is the tens digit of a?
1
Let x be (-1)/((4/(-20))/1). Suppose x*z - 27 = 3*p + 16, -3*p - 3*z = 3. What is the units digit of 120/(-10)*2/p?
4
Let n(l) = -4*l**3 - 14*l**2 - 8*l - 12. What is the hundreds digit of n(-7)?
7
Let i(a) be the first derivative of a**4/4 - 5*a**3/3 - 5*a**2/2 - 15. What is the units digit of i(7)?
3
Let z(t) = -t**3 + 8*t**2 + 17*t - 8. Let a be z(8). Suppose -3*u = -r + 3 + 51, 4*u = -2*r + a. What is the tens digit of r?
6
Suppose -806 = -5*g - 46. What is the units digit of g/(-12)*3*-2?
6
Suppose -g + 21 = -2*o + 4*o, -g = 4*o - 29. Let k(w) = w - 19. Let j be k(g). What is the units digit of (j - -7)/(2/6)?
3
Let q be (239/(-3))/(0 - 6/54). Suppose -5*h = -2*u - 1036, 2*u - 101 - q = -4*h. What is the tens digit of h?
0
Let t(r) = -r - 2. Let a be t(3). Let k(n) = -n + n**3 - 3*n**2 + 4 - 2*n**3 + 8*n. What is the tens digit of k(a)?
1
Suppose -4*l - q = -0*q - 25, 2*l = -5*q + 35. Suppose 195 = 5*r - 3*h, 2*r + h + 121 = l*r. What is the units digit of r?
2
Let i(x) = -x - 9. Let r(y) = -y - 4. Let z(f) = -4*i(f) + 9*r(f). What is the units digit of z(-2)?
0
Let k = 175 + 20. Suppose -k = -u - 3*u + f, -u = -4*f - 45. What is the tens digit of u?
4
Suppose -17*j = -12*j - 1335. What is the hundreds digit of j?
2
Let h(f) be the second derivative of -f**5/20 + f**4 + 5*f**3/6 + 3*f**2/2 + 3*f. What is the hundreds digit of h(11)?
1
Let w be 3/2*(3 - 1). Let f = 54 + -51. Suppose f*m + 107 + 61 = w*y, -5*y + 286 = -3*m. What is the units digit of y?
9
Let c(d) = -3*d**3 + 5*d**2 + 4*d + 4. What is the tens digit of c(-5)?
8
What is the units digit of 62/(-248) + (-1 - (-2859)/12)?
7
Let l(a) = 12*a**3 + 3*a**2 - 7*a + 11. What is the tens digit of l(3)?
4
Let h(a) = 2*a**2 - 13*a + 366. What is the tens digit of h(18)?
8
Suppose 5*u - 1041 = -10*b + 7*b, 4*b = u - 199. What is the tens digit of u?
0
What is the thousands digit of (-176)/(-66)*(-6699)/(-4)?
4
Let i = -31777 + 45625. What is the tens digit of (-4)/18 + i/108?
2
Let a(q) = q**3 - 3*q**2 + 1. Let n be a(2). Suppose 0 = -2*o - 3*u + 20, 0*o - 2*u = 5*o - 28. What is the tens digit of (n + o)/(2/38)?
1
Let l(w) = -3*w + 10. Let a be -39 - (-1 - (-3)/3). Let b = 32 + a. What is the tens digit of l(b)?
3
Suppose -4*x - 2*l + 1370 = -1314, 5*l + 1354 = 2*x. What is the tens digit of x?
7
Suppose -1509 - 143 = -4*z. What is the tens digit of z?
1
Let m be (-6 + 18)*2/8. Suppose -3*n - 92 = -236. Suppose 0 = -m*a + 6*a - n. What is the tens digit of a?
1
Suppose 4*k + 10 = 6*k. Suppose -n + 39 = -3*t, 2*n + k*t = -3*n + 195. What is the units digit of n?
9
Suppose -4*q = 5*s - 7*q + 1360, 0 = 5*s + 2*q + 1360. Let u be (s/8)/(-2 - -1). Suppose 2*y - u = 20. What is the units digit of y?
7
Let u = -3 + 9. Suppose u*m + 43 = 7*m. What is the tens digit of m?
4
Let i be 12/(-20) - (-4)/(-10). Let y(q) be the third derivative of 7*q**5/20 + q**4/12 + q**3/3 - 3*q**2. What is the tens digit of y(i)?
2
Suppose 0 = 4*j +